 = n + 1. Let m be h(-6). Let g = 58 - 55. What are the prime factors of 1 - (m - g/(-1))?
3
Suppose -16 = -3*n - n + 2*i, 11 = n + 3*i. Suppose c = 3*l + 26, 3*c + 2*c - 110 = n*l. What are the prime factors of c?
2, 5
Suppose 3*f + 16 = -y - 114, -2*y = 3*f + 131. Let j = f - -60. What are the prime factors of j?
17
Suppose -g = -u - 8, -5*g = -u + 5*u - 4. Suppose -g = -2*k + 12. List the prime factors of k.
2
Suppose 2*q - 17 = 3*a - 8*a, -5*a + 4*q + 41 = 0. Suppose -20 = -a*r + 25. What are the prime factors of r?
3
Let x(a) = -a**2 + 18*a - 21. What are the prime factors of x(9)?
2, 3, 5
Suppose -66 = -v - 11. Suppose -3*a + v + 32 = 0. List the prime factors of a.
29
Let x = 65 - 19. What are the prime factors of x?
2, 23
Let q(z) = -z + 21. Let d be q(9). Suppose -b + 44 - d = 0. What are the prime factors of b?
2
Suppose 0 = 4*c - 7*c - 72. Let h = c + 44. What are the prime factors of h?
2, 5
What are the prime factors of ((-132)/(-55))/(4/70)?
2, 3, 7
Suppose -v - 4*u + 2 = 0, 5*v + 3*u - 11 + 1 = 0. Suppose 0 = v*t - 0*t - 8. What are the prime factors of t?
2
Let n(r) = r + 0*r**2 + 0*r + 3*r**2 - 1 - r**3. List the prime factors of n(3).
2
Suppose -2*t + 8 = -14. Let n = 29 - t. What are the prime factors of n?
2, 3
Let m = -64 + 75. List the prime factors of m.
11
Suppose -2*c = -2*y - 132, -3*y + 63 = 5*c - 235. What are the prime factors of c?
2, 31
Suppose 0 = 3*p + 5*u - 319, -5*p + 2*u + 585 = -3*u. List the prime factors of p.
113
Suppose -29 + 174 = 5*n. Let z(m) = -m + 1. Let y be z(-2). Suppose -4*h + n = 3*d + 8, 0 = -y*d - 3*h + 18. List the prime factors of d.
3
Let x = -11 - -15. Suppose -11 - 13 = -2*a + x*k, -3*k = 5*a - 21. What are the prime factors of a?
2, 3
Let h = -2 + 4. What are the prime factors of (1 + 0)*20/h?
2, 5
Suppose l - 45 = -4*l. Let h(u) = 3*u + 20. What are the prime factors of h(l)?
47
Let s be ((-8)/(-20))/(1/(-30)). What are the prime factors of ((-4)/s)/((-2)/(-78))?
13
Let v = 91 - 91. Suppose -2*t = -5*t - 5*b + 8, -5*t = -4*b - 75. Suppose d - t = -2*n, -61 = -3*d + n - v. List the prime factors of d.
19
Let s(m) = -m**2 - 1. Let f(a) = -a**3 - 7*a**2 + 4*a + 12. Let u(w) = -f(w) + s(w). What are the prime factors of u(-6)?
11
List the prime factors of (-9 + 5)*1*(-246)/4.
2, 3, 41
Let k(m) = -5*m**3 - m. Let x be k(1). List the prime factors of (-129)/(-9) - (-2)/x.
2, 7
Suppose 4*g - 3 = g. Let r be g/2 + (-345)/(-6). Suppose -5*h + 0*h = -3*c - 87, 3*h - r = -4*c. What are the prime factors of h?
2, 3
Let w = 46 + -31. Let p = 3 - 2. Let h = w - p. What are the prime factors of h?
2, 7
Let u(o) = 18*o**2 + 2*o + 1. Let h(g) = 2*g + 3. Let v be h(-2). Let w be u(v). Let n = 28 - w. What are the prime factors of n?
11
Let l be (-1)/(-1)*(-1 - -6). Suppose 2*y = y + l. Suppose 0 = 2*m - y*p - 20 + 3, 3*m = 2*p + 20. List the prime factors of m.
2, 3
Let k(p) = -p**2 + 5*p + 11. List the prime factors of k(6).
5
Let g(r) = -4*r**3 - r. Let m be g(1). Let f = 26 + m. List the prime factors of f.
3, 7
Let m(b) = 2*b**3 + 2*b**2 - 1. Let o be m(1). Let c be 7 - 3 - 1*o. Suppose 9 = 5*t - c. List the prime factors of t.
2
Let v(y) = 5*y + 27. What are the prime factors of v(16)?
107
What are the prime factors of (-2)/(-12) - (-2103)/18?
3, 13
Let z(x) = x**3 - 9*x**2 + x - 13. Let k be z(9). Suppose -c - 5*t = 3, -c + 21 = c + t. List the prime factors of k/(c/(-45)) + 2.
17
Suppose 6*u = 32 + 64. List the prime factors of u.
2
Let d(k) = 27*k**3 + 2*k**2 - 1. What are the prime factors of d(1)?
2, 7
Suppose 0 = 10*s - 4*s - 846. List the prime factors of s.
3, 47
Let q be (6/3)/2*3. Suppose 7*b - q*b - 5*o = 52, 3*b - 8 = -4*o. Suppose 2*x = b + 14. What are the prime factors of x?
11
Let h(q) = q**3 + 7*q**2 + 4*q + 9. Let l be h(-6). Let z be ((-133)/l)/(2/(-6)). Suppose 1 = -2*m + z. What are the prime factors of m?
3
Suppose 4*h + 10 = -6. List the prime factors of (-35)/h + (-1)/(-4).
3
Let b = 275 + -165. What are the prime factors of b?
2, 5, 11
Suppose -2*m + 4 = 2, i + 4*m - 6 = 0. Let z = i + 0. Suppose 4*n + 24 = 4*p, 5*n = -z*p + 4*p - 12. What are the prime factors of p?
2, 3
What are the prime factors of (-5 - -4)*5 + 167?
2, 3
Let d be 307/(-2) - (-2)/(-4). Let v = -105 - d. What are the prime factors of v?
7
Let w be (-3)/(18/(-8) + 3). What are the prime factors of ((-30)/9)/(w/18)?
3, 5
Suppose 506 = 4*b + 14. Suppose 5*z + n = z + b, z = n + 27. List the prime factors of z.
2, 3, 5
Let s = 402 + -229. What are the prime factors of s?
173
Suppose -6 = -2*i, -z + 5*i = 4*z - 5. Suppose b = -b + z. What are the prime factors of b?
2
Let a be 8/2 - (0 + -48). Suppose 3*m - 5 = a. List the prime factors of m.
19
Let d = -76 + 203. List the prime factors of d.
127
Suppose 7*v = 2*v - 10. Let k = v + 6. Suppose -k*h = -0*h - 44. What are the prime factors of h?
11
Let r be (-1)/2 - 219/6. List the prime factors of 3 + -7 - r - -1.
2, 17
Let k(v) = v - 1. Let y(u) = -18*u + 4. Let s(m) = -6*k(m) - y(m). Let b be s(-5). Let r = -41 - b. What are the prime factors of r?
17
Suppose 0 = 2*f - 7*f + 5. Let u be (2 + -2)*f + 2. Suppose 22 = -u*q + 3*q. List the prime factors of q.
2, 11
Suppose -5*g + 9 + 11 = 0. Suppose -2*f = -5*q - 0*q - 20, q - 40 = -g*f. Suppose f = b + b. What are the prime factors of b?
5
Suppose 0*n + 168 = 3*n. Suppose 4*g - n = -4*h, 5*h - 2 - 23 = 4*g. List the prime factors of ((-6)/h)/((-6)/27).
3
Let s = -65 + 136. What are the prime factors of s?
71
List the prime factors of 39 - (4/(-2) - 1)/(-1).
2, 3
Suppose -4*h - h = -15. Suppose h*i - 1 = 2*k, 2*i - 4*i - 4 = -2*k. Let s = k - 2. List the prime factors of s.
5
Let t be 4 - 1*6/(-3). Suppose -4*k + b + 125 = 0, -t*k + 5*b = -2*k - 145. List the prime factors of k.
2, 3, 5
Let n = -4 - -6. Suppose 0 = -2*y - 2, n - 16 = -o + 4*y. What are the prime factors of o?
2, 5
Suppose 1 = f - 5. Let q(c) be the first derivative of c**3/3 - 5*c**2/2 + c - 1. What are the prime factors of q(f)?
7
Let n be (-2)/(-1 - -2) - -10. Suppose n = 3*j - 7. Suppose 16 = 4*b - 5*t, -t + 8 = -3*b + j*b. What are the prime factors of b?
2
Let q = -5 - -10. Suppose -24 = 2*k + 4*m - 78, 0 = -q*k + 4*m + 79. List the prime factors of k.
19
Let d(l) = -4*l - 54 + l**3 + 54 + 0*l**3 + 6*l**2. List the prime factors of d(-5).
3, 5
What are the prime factors of ((-33)/4)/(60/(-560))?
7, 11
Let v(y) = 2*y**2 - 1 - 1 + 2*y + 0 - 1. List the prime factors of v(-3).
3
Suppose 0 = 2*j - 43 - 1. List the prime factors of j.
2, 11
Suppose -4*k = -k - 615. What are the prime factors of k?
5, 41
List the prime factors of 14/77 + 152/11.
2, 7
Let z(f) = -f**3 - 2*f**2 - 3*f. Let k be z(-3). Suppose -3*n + k = -0. Suppose 6*t + p = 2*t + n, -4*t = -3*p - 14. List the prime factors of t.
2
Suppose 3*q - 64 = 11. Suppose 2*n = -3*n + q. What are the prime factors of n?
5
Let r(h) = -h - 4*h + 1 - 9. Let x be r(-6). Suppose 10 = 3*i - m - x, -4*i - m = -45. What are the prime factors of i?
11
Let t(j) = j**3 - 11*j**2 + 12*j - 7. Let s be t(10). What are the prime factors of s - 0*1/(-2)?
13
Let s = 44 - -10. What are the prime factors of s?
2, 3
Let d(p) = p + 1. Let a be d(8). Suppose 0 = -2*g - 2*b + 2 - 0, 27 = 3*g - 3*b. Let i = a - g. What are the prime factors of i?
2
Let d = -34 + 75. List the prime factors of d.
41
List the prime factors of 80/3*(6 - (-2 - -5)).
2, 5
Suppose 0 = 3*v - 2*v + 2. Let n be v/1 + 4 + 1. Suppose -2*y + n - 1 = 0, -y = 5*u - 11. List the prime factors of u.
2
Suppose -9*l - 3 = -6*l. Let c = 14 + -7. Let q = l + c. List the prime factors of q.
2, 3
Let s = 284 + -170. List the prime factors of s.
2, 3, 19
Suppose 0 = -3*w + 2*w + 37. Suppose -3*j = -w - 8. Let x = j - 8. What are the prime factors of x?
7
Suppose 2*l + 2*q - 4 = 6*q, l - 2 = 5*q. Let n be l/(-12) + 62/12. Suppose -7 = -n*a + 18. What are the prime factors of a?
5
Let z(l) = l**2 - 5*l - 3. Let p be z(4). Let f(t) be the second derivative of -t**5/20 - 2*t**4/3 - 7*t**3/6 + t**2 + 59*t. What are the prime factors of f(p)?
2
Suppose -2*g + 2*v - 6 = 0, 4*g - 5*v - 5 + 19 = 0. Let n(x) = 22*x**2. List the prime factors of n(g).
2, 11
Suppose 4*r + 16 = 0, 37 = 4*u + 5*r - 375. List the prime factors of u.
2, 3
Let c be 4/(-1)*(-7 - 9). Sup